{"id":1895,"date":"2023-11-30T12:20:56","date_gmt":"2023-11-30T09:20:56","guid":{"rendered":"https:\/\/oldoriginal.zurnalaskelione.lt\/?post_type=product&#038;p=1895"},"modified":"2024-10-05T09:33:13","modified_gmt":"2024-10-05T06:33:13","slug":"zurnalas-kelione-2023-m-nr-iv","status":"publish","type":"product","link":"https:\/\/oldoriginal.zurnalaskelione.lt\/index.php\/product\/zurnalas-kelione-2023-m-nr-iv\/","title":{"rendered":"\u017durnalas \u201eKelion\u0117\u201c <br> 2023 m. Nr. IV"},"content":{"rendered":"<p>Snieguotomis vir\u0161\u016bn\u0117mis pasipuo\u0161us \u201eKelion\u0117\u201c klausia: kas pakvie\u010dia leistis \u012f Keli\u0105? Kas \u012f rizikingus kaln\u0173 \u017eygius i\u0161veda alpinistus? \u017durnale kalbintas Saulius Damulevi\u010dius sako, kad tai \u2013 aistra, kurios ne\u012fmanoma iki galo paai\u0161kinti. Ar ta pati aistra, tas pats balsas kalbina leistis \u012f piligrimyst\u0117s kelius, kuriuose gali sutikti ne tik save, bet\u2026 ir Diev\u0105 su \u0161lepet\u0117mis? Apie tai \u2014 pokalbis su aktoriumi, ra\u0161ytoju, piligrimu Juozu Gai\u017eausku.<\/p>\n<p>Be to, skaitydami \u0161i\u0105 \u201eKelion\u0119\u201c, susipa\u017einsite su Nobelio premijos laureatu norveg\u0173 ra\u0161ytoju Jonu Fosse, kuris teigia, kad Ba\u017eny\u010dia b\u016bt\u0173 kuo puikiausiai i\u0161sivertusi be jo, bet jis be jos \u2013 niekaip; su\u017einosite, kaip geriausi\u0173 Vilniaus restoran\u0173 virtuv\u0117s \u0161ef\u0117 Onut\u0117 tapo Carito valgyklos \u201eBetanija\u201c vadove ir d\u0117l ko pietaudamas Vilniuje verk\u0117 popie\u017eius Jonas Paulius II. I\u0161girsite apie greito dvasingumo pagund\u0105, si\u016blom\u0105 \u201eNaujojo am\u017eiaus\u201c jud\u0117jimo, ir nelengv\u0105, bet tikr\u0105 krik\u0161\u010dioni\u0161ko dvasingumo kelion\u0119; rasite disidento Petro Plumpos pasakojim\u0105 apie \u0161ventes, krep\u0161in\u012f ir dvasines paie\u0161kas lageryje. Ir dar daugyb\u0119 verting\u0173 tekst\u0173, kvie\u010dian\u010di\u0173 leistis \u012f \u201eKelion\u0119\u201c.<\/p>\n","protected":false},"excerpt":{"rendered":"<p>Snieguotomis vir\u0161\u016bn\u0117mis pasipuo\u0161us \u201eKelion\u0117\u201c klausia: kas pakvie\u010dia leistis \u012f Keli\u0105? Kas \u012f rizikingus kaln\u0173 \u017eygius i\u0161veda alpinistus? \u017durnale kalbintas Saulius Damulevi\u010dius sako, kad tai \u2013 aistra, kurios ne\u012fmanoma iki galo paai\u0161kinti. Ar ta pati aistra, tas pats balsas kalbina leistis \u012f piligrimyst\u0117s kelius, kuriuose gali sutikti ne tik save, bet\u2026 ir Diev\u0105 su \u0161lepet\u0117mis? Apie tai \u2014 pokalbis su aktoriumi, ra\u0161ytoju, piligrimu Juozu Gai\u017eausku.<\/p>\n<p>Be to, skaitydami \u0161i\u0105 \u201eKelion\u0119\u201c, susipa\u017einsite su Nobelio premijos laureatu norveg\u0173 ra\u0161ytoju Jonu Fosse, kuris teigia, kad Ba\u017eny\u010dia b\u016bt\u0173 kuo puikiausiai i\u0161sivertusi be jo, bet jis be jos \u2013 niekaip; su\u017einosite, kaip geriausi\u0173 Vilniaus restoran\u0173 virtuv\u0117s \u0161ef\u0117 Onut\u0117 tapo Carito valgyklos \u201eBetanija\u201c vadove ir d\u0117l ko pietaudamas Vilniuje verk\u0117 popie\u017eius Jonas Paulius II. I\u0161girsite apie greito dvasingumo pagund\u0105, si\u016blom\u0105 \u201eNaujojo am\u017eiaus\u201c jud\u0117jimo, ir nelengv\u0105, bet tikr\u0105 krik\u0161\u010dioni\u0161ko dvasingumo kelion\u0119; rasite disidento Petro Plumpos pasakojim\u0105 apie \u0161ventes, krep\u0161in\u012f ir dvasines paie\u0161kas lageryje. Ir dar daugyb\u0119 verting\u0173 tekst\u0173, kvie\u010dian\u010di\u0173 leistis \u012f \u201eKelion\u0119\u201c.<\/p>\n","protected":false},"featured_media":1896,"template":"","meta":{"jetpack_post_was_ever_published":false},"product_brand":[],"product_cat":[55],"product_tag":[],"class_list":{"0":"post-1895","1":"product","2":"type-product","3":"status-publish","4":"has-post-thumbnail","6":"product_cat-zurnalas","8":"first","9":"outofstock","10":"taxable","11":"shipping-taxable","12":"purchasable","13":"product-type-simple"},"aioseo_notices":[],"jetpack_sharing_enabled":true,"featured_media_urls":{"thumbnail":["https:\/\/oldoriginal.zurnalaskelione.lt\/wp-content\/uploads\/2023\/11\/Kelione_2023-iv_virselis-TIK2560-150x150.jpg",150,150,true],"medium":["https:\/\/oldoriginal.zurnalaskelione.lt\/wp-content\/uploads\/2023\/11\/Kelione_2023-iv_virselis-TIK2560-225x300.jpg",225,300,true],"medium_large":["https:\/\/oldoriginal.zurnalaskelione.lt\/wp-content\/uploads\/2023\/11\/Kelione_2023-iv_virselis-TIK2560.jpg",768,1024,false],"large":["https:\/\/oldoriginal.zurnalaskelione.lt\/wp-content\/uploads\/2023\/11\/Kelione_2023-iv_virselis-TIK2560-768x1024.jpg",768,1024,true],"1536x1536":["https:\/\/oldoriginal.zurnalaskelione.lt\/wp-content\/uploads\/2023\/11\/Kelione_2023-iv_virselis-TIK2560-1152x1536.jpg",1152,1536,true],"2048x2048":["https:\/\/oldoriginal.zurnalaskelione.lt\/wp-content\/uploads\/2023\/11\/Kelione_2023-iv_virselis-TIK2560-1536x2048.jpg",1536,2048,true],"inspiro-featured-image":["https:\/\/oldoriginal.zurnalaskelione.lt\/wp-content\/uploads\/2023\/11\/Kelione_2023-iv_virselis-TIK2560.jpg",1920,2560,false],"inspiro-loop":["https:\/\/oldoriginal.zurnalaskelione.lt\/wp-content\/uploads\/2023\/11\/Kelione_2023-iv_virselis-TIK2560-950x320.jpg",950,320,true],"inspiro-loop@2x":["https:\/\/oldoriginal.zurnalaskelione.lt\/wp-content\/uploads\/2023\/11\/Kelione_2023-iv_virselis-TIK2560-1900x640.jpg",1900,640,true],"menu-24x24":["https:\/\/oldoriginal.zurnalaskelione.lt\/wp-content\/uploads\/2023\/11\/Kelione_2023-iv_virselis-TIK2560-18x24.jpg",18,24,true],"menu-36x36":["https:\/\/oldoriginal.zurnalaskelione.lt\/wp-content\/uploads\/2023\/11\/Kelione_2023-iv_virselis-TIK2560-27x36.jpg",27,36,true],"menu-48x48":["https:\/\/oldoriginal.zurnalaskelione.lt\/wp-content\/uploads\/2023\/11\/Kelione_2023-iv_virselis-TIK2560-36x48.jpg",36,48,true],"woocommerce_thumbnail":["https:\/\/oldoriginal.zurnalaskelione.lt\/wp-content\/uploads\/2023\/11\/Kelione_2023-iv_virselis-TIK2560-300x400.jpg",300,400,true],"woocommerce_single":["https:\/\/oldoriginal.zurnalaskelione.lt\/wp-content\/uploads\/2023\/11\/Kelione_2023-iv_virselis-TIK2560-600x800.jpg",600,800,true],"woocommerce_gallery_thumbnail":["https:\/\/oldoriginal.zurnalaskelione.lt\/wp-content\/uploads\/2023\/11\/Kelione_2023-iv_virselis-TIK2560-100x100.jpg",100,100,true],"portfolio_item-thumbnail":["https:\/\/oldoriginal.zurnalaskelione.lt\/wp-content\/uploads\/2023\/11\/Kelione_2023-iv_virselis-TIK2560-600x400.jpg",600,400,true],"portfolio_item-thumbnail@2x":["https:\/\/oldoriginal.zurnalaskelione.lt\/wp-content\/uploads\/2023\/11\/Kelione_2023-iv_virselis-TIK2560-1200x800.jpg",1200,800,true],"portfolio_item-masonry":["https:\/\/oldoriginal.zurnalaskelione.lt\/wp-content\/uploads\/2023\/11\/Kelione_2023-iv_virselis-TIK2560-600x800.jpg",600,800,true],"portfolio_item-masonry@2x":["https:\/\/oldoriginal.zurnalaskelione.lt\/wp-content\/uploads\/2023\/11\/Kelione_2023-iv_virselis-TIK2560-1200x1600.jpg",1200,1600,true],"portfolio_item-thumbnail_cinema":["https:\/\/oldoriginal.zurnalaskelione.lt\/wp-content\/uploads\/2023\/11\/Kelione_2023-iv_virselis-TIK2560-800x335.jpg",800,335,true],"portfolio_item-thumbnail_portrait":["https:\/\/oldoriginal.zurnalaskelione.lt\/wp-content\/uploads\/2023\/11\/Kelione_2023-iv_virselis-TIK2560-600x900.jpg",600,900,true],"portfolio_item-thumbnail_portrait@2x":["https:\/\/oldoriginal.zurnalaskelione.lt\/wp-content\/uploads\/2023\/11\/Kelione_2023-iv_virselis-TIK2560-1200x1800.jpg",1200,1800,true],"portfolio_item-thumbnail_square":["https:\/\/oldoriginal.zurnalaskelione.lt\/wp-content\/uploads\/2023\/11\/Kelione_2023-iv_virselis-TIK2560-800x800.jpg",800,800,true]},"_links":{"self":[{"href":"https:\/\/oldoriginal.zurnalaskelione.lt\/index.php\/wp-json\/wp\/v2\/product\/1895"}],"collection":[{"href":"https:\/\/oldoriginal.zurnalaskelione.lt\/index.php\/wp-json\/wp\/v2\/product"}],"about":[{"href":"https:\/\/oldoriginal.zurnalaskelione.lt\/index.php\/wp-json\/wp\/v2\/types\/product"}],"wp:featuredmedia":[{"embeddable":true,"href":"https:\/\/oldoriginal.zurnalaskelione.lt\/index.php\/wp-json\/wp\/v2\/media\/1896"}],"wp:attachment":[{"href":"https:\/\/oldoriginal.zurnalaskelione.lt\/index.php\/wp-json\/wp\/v2\/media?parent=1895"}],"wp:term":[{"taxonomy":"product_brand","embeddable":true,"href":"https:\/\/oldoriginal.zurnalaskelione.lt\/index.php\/wp-json\/wp\/v2\/product_brand?post=1895"},{"taxonomy":"product_cat","embeddable":true,"href":"https:\/\/oldoriginal.zurnalaskelione.lt\/index.php\/wp-json\/wp\/v2\/product_cat?post=1895"},{"taxonomy":"product_tag","embeddable":true,"href":"https:\/\/oldoriginal.zurnalaskelione.lt\/index.php\/wp-json\/wp\/v2\/product_tag?post=1895"}],"curies":[{"name":"wp","href":"https:\/\/api.w.org\/{rel}","templated":true}]}}