{"id":1749,"date":"2023-09-18T14:08:12","date_gmt":"2023-09-18T11:08:12","guid":{"rendered":"https:\/\/oldoriginal.zurnalaskelione.lt\/?post_type=product&#038;p=1749"},"modified":"2023-11-21T11:49:41","modified_gmt":"2023-11-21T08:49:41","slug":"zurnalas-kelione-2023-m-nr-i","status":"publish","type":"product","link":"https:\/\/oldoriginal.zurnalaskelione.lt\/index.php\/product\/zurnalas-kelione-2023-m-nr-i\/","title":{"rendered":"\u017durnalas \u201eKelion\u0117\u201c<br>2023 m. Nr. I"},"content":{"rendered":"<p>\u0160ioje \u201eKelion\u0117je\u201c daug d\u0117mesio skiriama tvirtumo temai: J\u016brat\u0117s Micevi\u010di\u016bt\u0117s pristato tvirtumo doryb\u0119, kun. K\u0119stutis Dvareckas dalijasi savo mintimis apie galyb\u0119 silpnume, laisv\u0117s kov\u0173 dalyv\u0117, Biblijos vert\u0117jo prel. Antano Rub\u0161io sesuo Teres\u0117 Rub\u0161yt\u0117-\u016aksien\u0117 pasakoja savo gyvenimo istorij\u0105. \u017durnale kalbama ir apie vidines m\u016bs\u0173 kovas: daug d\u0117mesio skiriama priklausomybi\u0173 ir vidinio i\u0161gydymo temoms.<\/p>\n<p>Dar viena gija \u2013 art\u0117jan\u010di\u0173 \u0161v. Velyk\u0173 laukimas. \u201eKelion\u0117je\u201c rasite Giedriaus Tama\u0161evi\u010diaus tekst\u0105 apie Velykinio \u0161lovinimo \u201eExsultet\u201c prasm\u0119 bei straipsn\u012f apie \u017eyd\u0173 Velyk\u0173 \u0161ventimo apeigas \u2013 i\u0161 teologo dr. Valdo Mackelos lobyno.<\/p>\n<p>Be to, gal\u0117site susipa\u017einti su negabiuosius bet atkakliuosius globojan\u010diu \u0161ventuoju Mucijonu, su medienos dirb\u0117ja R\u016bta, per savo darb\u0105 prisilie\u010dian\u010dia ne tik prie med\u017eio, bet ir prie Vie\u0161paties ma\u017eut\u0117li\u0173, su teologe Adrienne von Speyr, kurios mintys taip \u012fkv\u0117p\u0117 Hans\u0105 Urs\u0105 von Balthazar\u0105, kad jis tapo kone \u0161ios mistik\u0117s sekretoriumi, su \u012fstabius \u0161vent\u0173j\u0173 paveikslus \u2013 ir ne tik \u2013 tapan\u010diu dailininku Andriumi Zakarausku ir dar daugeliu, kuriuos bus gera sutikti \u0161ioje \u201eKelion\u0117je\u201c.<\/p>\n","protected":false},"excerpt":{"rendered":"<p>\u0160ioje \u201eKelion\u0117je\u201c daug d\u0117mesio skiriama tvirtumo temai: J\u016brat\u0117s Micevi\u010di\u016bt\u0117s pristato tvirtumo doryb\u0119, kun. K\u0119stutis Dvareckas dalijasi savo mintimis apie galyb\u0119 silpnume, laisv\u0117s kov\u0173 dalyv\u0117, Biblijos vert\u0117jo prel. Antano Rub\u0161io sesuo Teres\u0117 Rub\u0161yt\u0117-\u016aksien\u0117 pasakoja savo gyvenimo istorij\u0105. \u017durnale kalbama ir apie vidines m\u016bs\u0173 kovas: daug d\u0117mesio skiriama priklausomybi\u0173 ir vidinio i\u0161gydymo temoms.<\/p>\n","protected":false},"featured_media":1750,"template":"","meta":{"jetpack_post_was_ever_published":false},"product_brand":[],"product_cat":[55],"product_tag":[],"class_list":{"0":"post-1749","1":"product","2":"type-product","3":"status-publish","4":"has-post-thumbnail","6":"product_cat-zurnalas","8":"first","9":"outofstock","10":"taxable","11":"shipping-taxable","12":"purchasable","13":"product-type-simple"},"aioseo_notices":[],"jetpack_sharing_enabled":true,"featured_media_urls":{"thumbnail":["https:\/\/oldoriginal.zurnalaskelione.lt\/wp-content\/uploads\/2023\/09\/Kelione-25_virselis-1-600x800-1-150x150.jpg",150,150,true],"medium":["https:\/\/oldoriginal.zurnalaskelione.lt\/wp-content\/uploads\/2023\/09\/Kelione-25_virselis-1-600x800-1-225x300.jpg",225,300,true],"medium_large":["https:\/\/oldoriginal.zurnalaskelione.lt\/wp-content\/uploads\/2023\/09\/Kelione-25_virselis-1-600x800-1.jpg",600,800,false],"large":["https:\/\/oldoriginal.zurnalaskelione.lt\/wp-content\/uploads\/2023\/09\/Kelione-25_virselis-1-600x800-1.jpg",600,800,false],"1536x1536":["https:\/\/oldoriginal.zurnalaskelione.lt\/wp-content\/uploads\/2023\/09\/Kelione-25_virselis-1-600x800-1.jpg",600,800,false],"2048x2048":["https:\/\/oldoriginal.zurnalaskelione.lt\/wp-content\/uploads\/2023\/09\/Kelione-25_virselis-1-600x800-1.jpg",600,800,false],"inspiro-featured-image":["https:\/\/oldoriginal.zurnalaskelione.lt\/wp-content\/uploads\/2023\/09\/Kelione-25_virselis-1-600x800-1.jpg",600,800,false],"inspiro-loop":["https:\/\/oldoriginal.zurnalaskelione.lt\/wp-content\/uploads\/2023\/09\/Kelione-25_virselis-1-600x800-1-600x320.jpg",600,320,true],"inspiro-loop@2x":["https:\/\/oldoriginal.zurnalaskelione.lt\/wp-content\/uploads\/2023\/09\/Kelione-25_virselis-1-600x800-1-600x640.jpg",600,640,true],"menu-24x24":["https:\/\/oldoriginal.zurnalaskelione.lt\/wp-content\/uploads\/2023\/09\/Kelione-25_virselis-1-600x800-1-18x24.jpg",18,24,true],"menu-36x36":["https:\/\/oldoriginal.zurnalaskelione.lt\/wp-content\/uploads\/2023\/09\/Kelione-25_virselis-1-600x800-1-27x36.jpg",27,36,true],"menu-48x48":["https:\/\/oldoriginal.zurnalaskelione.lt\/wp-content\/uploads\/2023\/09\/Kelione-25_virselis-1-600x800-1-36x48.jpg",36,48,true],"woocommerce_thumbnail":["https:\/\/oldoriginal.zurnalaskelione.lt\/wp-content\/uploads\/2023\/09\/Kelione-25_virselis-1-600x800-1-300x400.jpg",300,400,true],"woocommerce_single":["https:\/\/oldoriginal.zurnalaskelione.lt\/wp-content\/uploads\/2023\/09\/Kelione-25_virselis-1-600x800-1.jpg",600,800,false],"woocommerce_gallery_thumbnail":["https:\/\/oldoriginal.zurnalaskelione.lt\/wp-content\/uploads\/2023\/09\/Kelione-25_virselis-1-600x800-1-100x100.jpg",100,100,true],"portfolio_item-thumbnail":["https:\/\/oldoriginal.zurnalaskelione.lt\/wp-content\/uploads\/2023\/09\/Kelione-25_virselis-1-600x800-1-600x400.jpg",600,400,true],"portfolio_item-thumbnail@2x":["https:\/\/oldoriginal.zurnalaskelione.lt\/wp-content\/uploads\/2023\/09\/Kelione-25_virselis-1-600x800-1.jpg",600,800,false],"portfolio_item-masonry":["https:\/\/oldoriginal.zurnalaskelione.lt\/wp-content\/uploads\/2023\/09\/Kelione-25_virselis-1-600x800-1.jpg",600,800,false],"portfolio_item-masonry@2x":["https:\/\/oldoriginal.zurnalaskelione.lt\/wp-content\/uploads\/2023\/09\/Kelione-25_virselis-1-600x800-1.jpg",600,800,false],"portfolio_item-thumbnail_cinema":["https:\/\/oldoriginal.zurnalaskelione.lt\/wp-content\/uploads\/2023\/09\/Kelione-25_virselis-1-600x800-1-600x335.jpg",600,335,true],"portfolio_item-thumbnail_portrait":["https:\/\/oldoriginal.zurnalaskelione.lt\/wp-content\/uploads\/2023\/09\/Kelione-25_virselis-1-600x800-1.jpg",600,800,false],"portfolio_item-thumbnail_portrait@2x":["https:\/\/oldoriginal.zurnalaskelione.lt\/wp-content\/uploads\/2023\/09\/Kelione-25_virselis-1-600x800-1.jpg",600,800,false],"portfolio_item-thumbnail_square":["https:\/\/oldoriginal.zurnalaskelione.lt\/wp-content\/uploads\/2023\/09\/Kelione-25_virselis-1-600x800-1.jpg",600,800,false]},"_links":{"self":[{"href":"https:\/\/oldoriginal.zurnalaskelione.lt\/index.php\/wp-json\/wp\/v2\/product\/1749"}],"collection":[{"href":"https:\/\/oldoriginal.zurnalaskelione.lt\/index.php\/wp-json\/wp\/v2\/product"}],"about":[{"href":"https:\/\/oldoriginal.zurnalaskelione.lt\/index.php\/wp-json\/wp\/v2\/types\/product"}],"wp:featuredmedia":[{"embeddable":true,"href":"https:\/\/oldoriginal.zurnalaskelione.lt\/index.php\/wp-json\/wp\/v2\/media\/1750"}],"wp:attachment":[{"href":"https:\/\/oldoriginal.zurnalaskelione.lt\/index.php\/wp-json\/wp\/v2\/media?parent=1749"}],"wp:term":[{"taxonomy":"product_brand","embeddable":true,"href":"https:\/\/oldoriginal.zurnalaskelione.lt\/index.php\/wp-json\/wp\/v2\/product_brand?post=1749"},{"taxonomy":"product_cat","embeddable":true,"href":"https:\/\/oldoriginal.zurnalaskelione.lt\/index.php\/wp-json\/wp\/v2\/product_cat?post=1749"},{"taxonomy":"product_tag","embeddable":true,"href":"https:\/\/oldoriginal.zurnalaskelione.lt\/index.php\/wp-json\/wp\/v2\/product_tag?post=1749"}],"curies":[{"name":"wp","href":"https:\/\/api.w.org\/{rel}","templated":true}]}}