{"id":62,"date":"2022-09-30T14:46:42","date_gmt":"2022-09-30T11:46:42","guid":{"rendered":"https:\/\/kelias.programuoki.lt\/?page_id=62"},"modified":"2023-09-06T22:47:33","modified_gmt":"2023-09-06T19:47:33","slug":"apie","status":"publish","type":"page","link":"https:\/\/oldoriginal.zurnalaskelione.lt\/index.php\/zurnalas\/apie\/","title":{"rendered":"Apie"},"content":{"rendered":"<p class=\"has-white-color has-text-color\">.<\/p><p class=\"has-white-color has-text-color\"><\/p><p class=\"has-text-align-center\"><em><strong>\u017durnalas \u201eKelion\u0117\u201c <\/strong>\u2013 solidus ketvirtinis leidinys, kuriame i\u0161 krik\u0161\u010dioni\u0161kos perspektyvos pasakojama apie pamatinius dalykus. Jau daugel\u012f met\u0173 spalvinga ir gausi \u201eKelion\u0117\u201c d\u017eiugina skaitytojus, leid\u017eian\u010dius sau skon\u0117tis l\u0117tu skaitymu, nevengian\u010dius gili\u0173 tekst\u0173 bei pokalbi\u0173 tik\u0117jimo, visuomen\u0117s, kult\u016bros, sielogydos, \u0161eimos ir kitomis svarbiomis temomis.<\/em><\/p><p class=\"has-text-align-center\"><em>Nuo 2022 met\u0173 \u017eurnalo leidyb\u0105 per\u0117m\u0117 V\u0161\u012e Sm\u0117lio gr\u016bdeliai, kuri\u0105 \u012fsteig\u0117 \u0160ventosios \u0160eimos vienuolijos seserys.<\/em><\/p><p><\/p><p class=\"has-white-color has-text-color\">.<\/p><p class=\"has-white-color has-text-color\">.<\/p><hr class=\"wp-block-separator has-alpha-channel-opacity is-style-dots\"\/><figure class=\"wp-block-image aligncenter size-large\"><img fetchpriority=\"high\" decoding=\"async\" width=\"1024\" height=\"853\" src=\"https:\/\/kelias.programuoki.lt\/wp-content\/uploads\/2022\/10\/IMG_20220908_172003_edit_812283651575528-1-1024x853.jpg\" alt=\"\" class=\"wp-image-174\" srcset=\"https:\/\/oldoriginal.zurnalaskelione.lt\/wp-content\/uploads\/2022\/10\/IMG_20220908_172003_edit_812283651575528-1-1024x853.jpg 1024w, https:\/\/oldoriginal.zurnalaskelione.lt\/wp-content\/uploads\/2022\/10\/IMG_20220908_172003_edit_812283651575528-1-300x250.jpg 300w, https:\/\/oldoriginal.zurnalaskelione.lt\/wp-content\/uploads\/2022\/10\/IMG_20220908_172003_edit_812283651575528-1-scaled-600x500.jpg 600w, https:\/\/oldoriginal.zurnalaskelione.lt\/wp-content\/uploads\/2022\/10\/IMG_20220908_172003_edit_812283651575528-1-768x640.jpg 768w, https:\/\/oldoriginal.zurnalaskelione.lt\/wp-content\/uploads\/2022\/10\/IMG_20220908_172003_edit_812283651575528-1-1536x1280.jpg 1536w, https:\/\/oldoriginal.zurnalaskelione.lt\/wp-content\/uploads\/2022\/10\/IMG_20220908_172003_edit_812283651575528-1-2048x1706.jpg 2048w, https:\/\/oldoriginal.zurnalaskelione.lt\/wp-content\/uploads\/2022\/10\/IMG_20220908_172003_edit_812283651575528-1-2000x1666.jpg 2000w\" sizes=\"(max-width: 1024px) 100vw, 1024px\" \/><figcaption class=\"wp-element-caption\">\u017durnalas \u201eKelion\u0117\u201c 2022 m. nr. III (23)<\/figcaption><\/figure><p class=\"has-white-color has-text-color\">.<\/p><p class=\"has-white-color has-text-color\">.<\/p><p class=\"has-white-color has-text-color\">.<\/p><p class=\"has-white-color has-text-color\">.<\/p><p class=\"has-white-color has-text-color\">.<\/p>","protected":false},"excerpt":{"rendered":"<p>. \u017durnalas \u201eKelion\u0117\u201c \u2013 solidus ketvirtinis leidinys, kuriame i\u0161 krik\u0161\u010dioni\u0161kos perspektyvos pasakojama apie pamatinius dalykus. Jau daugel\u012f met\u0173 spalvinga ir gausi \u201eKelion\u0117\u201c d\u017eiugina skaitytojus, leid\u017eian\u010dius sau skon\u0117tis l\u0117tu skaitymu, nevengian\u010dius gili\u0173 tekst\u0173 bei pokalbi\u0173 tik\u0117jimo, visuomen\u0117s, kult\u016bros, sielogydos, \u0161eimos ir kitomis svarbiomis temomis. Nuo 2022 met\u0173 \u017eurnalo leidyb\u0105 per\u0117m\u0117 V\u0161\u012e Sm\u0117lio gr\u016bdeliai, kuri\u0105 \u012fsteig\u0117 \u0160ventosios &hellip; <\/p>\n<p class=\"link-more\"><a href=\"https:\/\/oldoriginal.zurnalaskelione.lt\/index.php\/zurnalas\/apie\/\" class=\"more-link\">Read more<span class=\"screen-reader-text\"> &#8222;Apie&#8221;<\/span><\/a><\/p>\n","protected":false},"author":1,"featured_media":812,"parent":51,"menu_order":0,"comment_status":"closed","ping_status":"closed","template":"","meta":{"jetpack_post_was_ever_published":false,"footnotes":""},"class_list":["post-62","page","type-page","status-publish","has-post-thumbnail","hentry"],"aioseo_notices":[],"jetpack_sharing_enabled":true,"featured_media_urls":{"thumbnail":["https:\/\/oldoriginal.zurnalaskelione.lt\/wp-content\/uploads\/2022\/10\/tekstai-150x150.jpg",150,150,true],"medium":["https:\/\/oldoriginal.zurnalaskelione.lt\/wp-content\/uploads\/2022\/10\/tekstai-300x169.jpg",300,169,true],"medium_large":["https:\/\/oldoriginal.zurnalaskelione.lt\/wp-content\/uploads\/2022\/10\/tekstai-768x432.jpg",768,432,true],"large":["https:\/\/oldoriginal.zurnalaskelione.lt\/wp-content\/uploads\/2022\/10\/tekstai-1024x576.jpg",950,534,true],"1536x1536":["https:\/\/oldoriginal.zurnalaskelione.lt\/wp-content\/uploads\/2022\/10\/tekstai-1536x864.jpg",1536,864,true],"2048x2048":["https:\/\/oldoriginal.zurnalaskelione.lt\/wp-content\/uploads\/2022\/10\/tekstai-2048x1152.jpg",2048,1152,true],"inspiro-featured-image":["https:\/\/oldoriginal.zurnalaskelione.lt\/wp-content\/uploads\/2022\/10\/tekstai-2000x1125.jpg",2000,1125,true],"inspiro-loop":["https:\/\/oldoriginal.zurnalaskelione.lt\/wp-content\/uploads\/2022\/10\/tekstai-950x320.jpg",950,320,true],"inspiro-loop@2x":["https:\/\/oldoriginal.zurnalaskelione.lt\/wp-content\/uploads\/2022\/10\/tekstai-1900x640.jpg",1900,640,true],"menu-24x24":["https:\/\/oldoriginal.zurnalaskelione.lt\/wp-content\/uploads\/2022\/10\/tekstai-scaled-24x14.jpg",24,14,true],"menu-36x36":["https:\/\/oldoriginal.zurnalaskelione.lt\/wp-content\/uploads\/2022\/10\/tekstai-scaled-36x20.jpg",36,20,true],"menu-48x48":["https:\/\/oldoriginal.zurnalaskelione.lt\/wp-content\/uploads\/2022\/10\/tekstai-scaled-48x27.jpg",48,27,true],"woocommerce_thumbnail":["https:\/\/oldoriginal.zurnalaskelione.lt\/wp-content\/uploads\/2022\/10\/tekstai-300x169.jpg",300,169,true],"woocommerce_single":["https:\/\/oldoriginal.zurnalaskelione.lt\/wp-content\/uploads\/2022\/10\/tekstai-scaled-600x338.jpg",600,338,true],"woocommerce_gallery_thumbnail":["https:\/\/oldoriginal.zurnalaskelione.lt\/wp-content\/uploads\/2022\/10\/tekstai-100x100.jpg",100,100,true],"portfolio_item-thumbnail":["https:\/\/oldoriginal.zurnalaskelione.lt\/wp-content\/uploads\/2022\/10\/tekstai-scaled-600x400.jpg",600,400,true],"portfolio_item-thumbnail@2x":["https:\/\/oldoriginal.zurnalaskelione.lt\/wp-content\/uploads\/2022\/10\/tekstai-scaled-1200x800.jpg",1200,800,true],"portfolio_item-masonry":["https:\/\/oldoriginal.zurnalaskelione.lt\/wp-content\/uploads\/2022\/10\/tekstai-scaled-600x338.jpg",600,338,true],"portfolio_item-masonry@2x":["https:\/\/oldoriginal.zurnalaskelione.lt\/wp-content\/uploads\/2022\/10\/tekstai-scaled-1200x675.jpg",1200,675,true],"portfolio_item-thumbnail_cinema":["https:\/\/oldoriginal.zurnalaskelione.lt\/wp-content\/uploads\/2022\/10\/tekstai-scaled-800x335.jpg",800,335,true],"portfolio_item-thumbnail_portrait":["https:\/\/oldoriginal.zurnalaskelione.lt\/wp-content\/uploads\/2022\/10\/tekstai-scaled-600x900.jpg",600,900,true],"portfolio_item-thumbnail_portrait@2x":["https:\/\/oldoriginal.zurnalaskelione.lt\/wp-content\/uploads\/2022\/10\/tekstai-scaled-1200x1440.jpg",1200,1440,true],"portfolio_item-thumbnail_square":["https:\/\/oldoriginal.zurnalaskelione.lt\/wp-content\/uploads\/2022\/10\/tekstai-scaled-800x800.jpg",800,800,true]},"_links":{"self":[{"href":"https:\/\/oldoriginal.zurnalaskelione.lt\/index.php\/wp-json\/wp\/v2\/pages\/62"}],"collection":[{"href":"https:\/\/oldoriginal.zurnalaskelione.lt\/index.php\/wp-json\/wp\/v2\/pages"}],"about":[{"href":"https:\/\/oldoriginal.zurnalaskelione.lt\/index.php\/wp-json\/wp\/v2\/types\/page"}],"author":[{"embeddable":true,"href":"https:\/\/oldoriginal.zurnalaskelione.lt\/index.php\/wp-json\/wp\/v2\/users\/1"}],"replies":[{"embeddable":true,"href":"https:\/\/oldoriginal.zurnalaskelione.lt\/index.php\/wp-json\/wp\/v2\/comments?post=62"}],"version-history":[{"count":22,"href":"https:\/\/oldoriginal.zurnalaskelione.lt\/index.php\/wp-json\/wp\/v2\/pages\/62\/revisions"}],"predecessor-version":[{"id":1669,"href":"https:\/\/oldoriginal.zurnalaskelione.lt\/index.php\/wp-json\/wp\/v2\/pages\/62\/revisions\/1669"}],"up":[{"embeddable":true,"href":"https:\/\/oldoriginal.zurnalaskelione.lt\/index.php\/wp-json\/wp\/v2\/pages\/51"}],"wp:featuredmedia":[{"embeddable":true,"href":"https:\/\/oldoriginal.zurnalaskelione.lt\/index.php\/wp-json\/wp\/v2\/media\/812"}],"wp:attachment":[{"href":"https:\/\/oldoriginal.zurnalaskelione.lt\/index.php\/wp-json\/wp\/v2\/media?parent=62"}],"curies":[{"name":"wp","href":"https:\/\/api.w.org\/{rel}","templated":true}]}}